 -2*l + 4*l = -2*a - 6. Let b(k) = 10*k + l - 1 + 5*k. Let v(z) = -30*z**2 - 238*z + 15. Let q be v(-8). Give b(q).
-14
Let p(k) = -21 + 94 - 2*k - 31 - 19 - 27. Suppose -2*z = 3*i + 9, -3*i - 26 = 3*z - i. Calculate p(z).
20
Let a = -10882 - -10882. Let y(w) = 40*w + 5. Determine y(a).
5
Let x(h) = h**2 - 7*h + 5. Let w = -40 - -54. Let f be (4/w)/((-45)/(-21) - 2). Let v be (f/(-2))/(5/(-20)). Give x(v).
-7
Let s(o) = -o**2 - 6*o - 5. Let h be s(-5). Let u(n) = 2*n + 1207 - 600 - n + n - 603. Calculate u(h).
4
Let k(f) = -5 + 11*f**2 + 51*f**3 + 46*f**3 - 104*f**3 + 3*f + 0. Let z(n) = 8*n**3 - 13*n**2 - 3*n + 6. Let h(y) = -6*k(y) - 5*z(y). What is h(2)?
6
Suppose -196*p - 207 - 178 - 7 = 0. Let n(x) = 5*x - 4 + 0 + 5. Calculate n(p).
-9
Let k be -5*(-3)/(-6) - (-71)/(-142). Let f(n) = -18*n + 5. Let r(u) = -17*u + 4. Let z(a) = 2*f(a) - 3*r(a). Determine z(k).
-47
Let c(g) = -g**3 + 15*g**2 + 10*g - 4. Let o(z) = -3*z**3 + 83*z**2 + 272*z + 4. Let q be o(-3). Give c(q).
-100
Let t(h) = 2 + 17 + 22627*h - 22619*h. What is t(10)?
99
Let y(p) = 3*p**2 + 5*p - 16. Suppose 2707*w - 2682*w = 50. Give y(w).
6
Let o(x) = -7*x + 7. Suppose -84 = -48*b + 252. Give o(b).
-42
Let k(z) = -1 - 10 - 11 - 3 - 10 + 21 - 2*z. Suppose -4*s + 3*v + 21 = 77, -2*s - 2 = 5*v. What is k(s)?
8
Let r(i) = -i - 7. Let f be r(-5). Suppose 2*p - 47 = k, -41 = -p - 5*k + 2*k. Let b(v) = 3*v - p + 23 - 4*v. What is b(f)?
-1
Let m be 2/(-3) - (-2)/3. Let a(y) be the first derivative of -y**5/60 + y**4/24 - 30*y**2 - 2*y + 165. Let r(v) be the second derivative of a(v). Give r(m).
0
Let h(i) = -17*i**2 + 10*i + 26. Let y(k) = -15*k**2 + 9*k + 22. Let z(b) = -6*h(b) + 7*y(b). Calculate z(1).
-2
Let b(i) = -2*i**3 + 95*i**2 - 141*i + 137. Let j be b(46). Let t(g) = -100*g**3 - g**2. Calculate t(j).
99
Let t(j) = 4*j - 8*j**2 - 42*j**3 - 45*j**3 + 88*j**3. Suppose q + 2*q + w = 5, 5*w - 25 = 0. Suppose q = -7*s + 54 - 5. Give t(s).
-21
Suppose -4*o + 30 = 30. Let v(a) = -104527*a - 21 - 20 + 104526*a. Calculate v(o).
-41
Suppose -3*u + i = -2, 54*u + 5*i = 53*u - 10. Let x(p) be the third derivative of 48*p**2 + 0*p - 1/24*p**4 + 5/6*p**3 + u. Determine x(9).
-4
Let l(a) = a**3 - 4*a - 3. Suppose 4*p + 3*x = -587, 0 = 7*p - 11*p + 3*x - 581. Let o = p - -144. Determine l(o).
-3
Let o(p) = 27*p - 28. Let x(y) = 7*y - 8. Let k(i) = -2*o(i) + 9*x(i). What is k(-5)?
-61
Suppose -w + 20 = -3*c + 4, 4*w - 24 = 2*c. Suppose -6 = -f + g - 3*g, 3*g - 4 = f. Let s(y) = 4*y**2 - 3*y - 3986*y**3 - 1 + 3987*y**3 - f. What is s(c)?
9
Let n(b) be the first derivative of -5/3*b**3 - 20 + 1/120*b**5 + 0*b - 1/24*b**4 + 0*b**2. Let k(l) be the third derivative of n(l). Give k(6).
5
Let k be -6 - (-1 + -1) - (11 + -22). Let p(v) = -7 - 213*v**2 + 6*v + 71*v**2 + 67*v**2 + 74*v**2. Determine p(k).
-14
Let j(s) = -9*s - 7*s + 15*s**2 + 32*s - 11*s - 26*s**2 + 4. Give j(-1).
-12
Let u(k) = -2*k**2 + 33*k + 37. Let v = -5464 - -5481. Calculate u(v).
20
Let g = -104 + 112. Suppose 0 = g*s - 5*s - 192. Let d(l) = -4 - 5*l + 3*l**3 + s*l**2 - 67*l**2 - 4*l**3 + 0*l. Give d(-3).
11
Let j(t) = 2*t + 11. Let y be j(-3). Suppose 0 = p - y + 3. Let c(h) be the second derivative of h**5/20 - h**3/6 + h**2/2 - h. Determine c(p).
7
Let p(j) = -2*j + 6. Let k(a) = 5*a**2 + 251*a + 52. Let m be k(-50). Calculate p(m).
2
Suppose -4*g + 2 = 2*i, 4*g - 4*i - 3 = -5*i. Let h(z) = -4*z + 23*z**3 - 27*z**3 - 2*z + g + 4*z + 8*z**3. Give h(-2).
-27
Let s(r) be the third derivative of -r**5/30 - 5*r**4/24 - r**3 + 810*r**2. Calculate s(-4).
-18
Let p(h) = 4*h**3 - 8*h**2 + 6*h + 16. Suppose -19*j = -4*w - 14*j + 1, 3 = -3*j. Let l(d) = d**3 + 2*d. Let k(u) = w*p(u) + 5*l(u). What is k(-7)?
5
Let b(h) = -12*h + 36 + 83 - 150 + 41. What is b(-7)?
94
Suppose 4*y + 1124 = -4*w + 3680, 0 = -2*w - 3*y + 1279. Suppose 14*o = -w + 596. Let n(i) = 2*i**3 + 3*i**2 - 3*i + 3. Calculate n(o).
-15
Suppose -4*y = -b - 17, 4*b + y - 5*y + 32 = 0. Let d(f) = 4 + 15*f + 15*f - 31*f - 3. Give d(b).
6
Let v(d) = d - 9. Let m(u) = -3*u**3 + 23*u**2 + 5*u - 5. Let s be m(7). Suppose -67 = -13*p + s. Suppose 3*a + p = x, -7 = 5*x + 5*a - 42. Calculate v(x).
0
Let p(z) = -9*z**2 + 10*z + 87. Let f(m) = 19*m**2 - 19*m - 219. Let v(u) = 2*f(u) + 5*p(u). What is v(2)?
-7
Let w be (-4)/((24/(-16))/(6/8)). Suppose -n - 3*b = -20, 2*n + w*b = 7 + 13. Suppose -2*o - 1 + 7 = 2*q, -n*o - 65 = -5*q. Let g(s) = s - 5. Give g(q).
3
Let g(l) = -13*l**2 - 178*l + 18. Let x(z) = -7*z**2 - 99*z + 10. Let i(r) = -6*g(r) + 11*x(r). Give i(21).
2
Let g(f) be the second derivative of -2*f**3/3 + f**2/2 + 3*f + 107. Suppose j = -3*j + 12. Give g(j).
-11
Suppose 0 = -5*i + h - 2*h - 750, -765 = 5*i - 2*h. Let w = -150 - i. Let m(g) = -24 - 2*g**2 + g**3 + 25 - g + g**2. Determine m(w).
0
Let f be -2*(-4)/(24/(-21)). Let l(r) be the third derivative of r**6/120 + r**5/10 - r**4/3 - 3*r**3/2 - 9324*r**2. Determine l(f).
-2
Let a(q) = 3*q**2 + q - 1. Let h(j) = j**3 + 6*j**2 + 6*j - 6. Let g(r) = 4*a(r) - h(r). Suppose -i + 5*c = 2 - 7, -c = -5*i + 25. Determine g(i).
17
Let d(v) be the third derivative of -1/20*v**5 - 1/120*v**6 - 1/24*v**4 + 0 - 2*v**2 - 1/2*v**3 + 0*v. Suppose 57*t + 9 = 54*t. Determine d(t).
0
Let o(p) be the second derivative of p**4/12 + p**3/3 + 7*p**2/2 + 763*p. Determine o(-8).
55
Let w(t) = -6*t**3 + 15*t**2 + 23*t - 9. Let d(r) = 3*r**3 - 8*r**2 - 13*r + 5. Let f(n) = -11*d(n) - 6*w(n). Calculate f(2).
25
Suppose -11*t - 51 + 183 = 0. Let b be ((-6)/7)/(t*(-12)/672). Let r(j) = j**2 + j - 4. Give r(b).
16
Let l(g) = -6*g - 298. Suppose 29*b + 1395 + 390 = -6*b. Give l(b).
8
Let w(h) = h - h - 20 + 4*h - 3*h + 2*h. Give w(17).
31
Let q = -5 - -8. Suppose -q*i + 2*s - 23 = -0, 10 = -i + 3*s. Let b(k) be the third derivative of k**4/24 + k**3/6 + 6*k**2 - 2967*k + 1. What is b(i)?
-6
Let q(h) = 47*h + 237. Let d be q(-5). Let m(v) = -v**3 + 3*v**2 - 2. Calculate m(d).
2
Let v(q) = -q**3 + 8*q**2 - 2*q - 9. Let g(t) = -t**3 + 6*t**2 + 1. Let j(c) = -2*g(c) + v(c). Give j(5).
4
Let a(p) = p**2 + 21*p - 8. Let f = -1695 + 1673. Determine a(f).
14
Let l(i) = 12*i - 36*i + 308*i**3 + 17*i**2 + 313*i**3 + 315*i**3 - 935*i**3 - 94. Determine l(-18).
14
Let t(c) be the first derivative of -c**5/20 - c**4/3 - 2*c**3/3 - 5*c**2/2 + 157*c - 179. Let s(l) be the first derivative of t(l). Give s(-2).
-5
Let o(q) = q**3 + 7*q**2 + 6*q + 2. Let d = -332 + 337. Suppose 10 = -2*h, 0*w = 5*w - d*h + 5. Calculate o(w).
2
Suppose -2*q - 871 = 3*q - 876. Let m(p) = -14*p**2 - 3*p + 3. Give m(q).
-14
Let j(a) = -2*a**2 + 5*a + 309. Let z(s) = 2*s**2 - 5*s - 213. Let f(t) = -2*j(t) - 3*z(t). Calculate f(7).
-42
Let v(u) be the third derivative of -u**6/120 - 7*u**5/60 + 5*u**4/6 + 2*u**3/3 - 13*u**2 + 60*u. Calculate v(-9).
-14
Let o(z) be the second derivative of -z**5/30 - 13*z**3 - 2*z + 1. Let d(a) be the second derivative of o(a). What is d(4)?
-16
Let v(k) be the second derivative of -k**5/20 - k**4/4 - 5*k**3/6 - k**2 - 16*k. Let w be v(-2). Let g(o) = 5 + 9 - w*o**2 - 4*o - o**3 - 17. Calculate g(-2).
-3
Let u(l) = 10*l + 134. Suppose 2*k - n + 6*n + 53 = 0, 5*n = 5*k + 45. Calculate u(k).
-6
Let x(n) = n + 1. Let m(j) = -j - 2. Let p(o) = 5*m(o) + 6*x(o). Let g(q) = 4*q - 9. Let d be g(25). Let w = -88 + d. Determine p(w).
-1
Suppose 6*v = 2*v + 8. Let p be 1*(-5)/10*6 + v. Let d(j) = -23*j**3 - 2*j - 1. Calculate d(p).
24
Let n(m) be the second derivative of 19*m**3/6 + 93*m**2/2 + 49*m + 2. Let l be n(-5). Let z(s) = -s - 3. Give z(l).
-1
Let a(v) be the third derivative of 4*v**4/3 - 21*v**3 + 176*v**2. Let p be a(4). Let s(h) = -h**2 + 3*h + 2. Determine s(p).
4
Let u(c) be the first derivative of -4*c**3/3 + 19*c**2/2 - 11*c + 11672. Give u(6).
-41
Let c(l) = 8*l**3 + l. Let v(x) = -35*x + 104. Let d be v(3). Let a be (6/(-18))/(d/3). What is c(a)?
9
Let c(y) be the third derivative of -2*y - 2*y**3 + 0 + 1/2*y**4 - 1/60*y**5 - 39*y**2. What is c(8)?
20
Let f(n) = -6*n - 239. Let m be -169*(-6)/(-24) + (-333)/(-36) + -10. Give f(m).
19
Let h(t) = -432*t + 85*t - 96 + 330*t. Calculate h(-6).
6
Let f(p) be the second derivative of -p**4/12 + p**3/6 + 13*p**2/2 + 401*p. Determine f(4).
1
Let u = -15 - -20. Let v(c) = 1. Let x(y) = y - 2. Suppose 4